{"id":81,"date":"2023-09-26T18:27:19","date_gmt":"2023-09-26T17:27:19","guid":{"rendered":"https:\/\/alapitvany.leovey.hu\/?page_id=81"},"modified":"2025-11-18T01:22:09","modified_gmt":"2025-11-18T00:22:09","slug":"galeria","status":"publish","type":"page","link":"https:\/\/alapitvany.leovey.hu\/?page_id=81","title":{"rendered":"Gal\u00e9ria"},"content":{"rendered":"\n<p>2025-ben a ballag\u00e1s keretein bel\u00fcl d\u00edjazott v\u00e9gz\u0151seink balr\u00f3l jobbra:<\/p>\n\n\n\n<p>Bartus Luca  (Udvardi Erzs\u00e9bet-d\u00edj), Csikv\u00e1ri Petra  (K\u00f6z\u00f6ss\u00e9gi d\u00edj&nbsp;), N\u00e9meth Anna S\u00e1ra  \u00e9s Kiss Zs\u00f3fia (Kreat\u00edv munk\u00e1t elismer\u0151 d\u00edj), Gyebn\u00e1r \u00c1d\u00e1m (Le\u00f6vey-d\u00edj), Musbeh Szonja Abir (\u00c9vfolyamd\u00edj), Kiss Bogl\u00e1rka Laura (K\u00f6z\u00f6ss\u00e9gi d\u00edj), Pasku Martin(Le\u00f6vey-d\u00edj)&nbsp;<\/p>\n\n\n\n<figure class=\"wp-block-image size-full\"><img loading=\"lazy\" decoding=\"async\" width=\"6000\" height=\"4000\" src=\"https:\/\/alapitvany.leovey.hu\/wp-content\/uploads\/2025\/11\/dijazottak_25.jpg\" alt=\"\" class=\"wp-image-627\"\/><\/figure>\n\n\n\n<p>2024-ben d\u00edjazott v\u00e9gz\u0151seink:<\/p>\n\n\n\n<p>Yousef N\u00e1rmin (K\u00f6z\u00f6ss\u00e9gi d\u00edj), Urbanics Andrea (Le\u00f6vey-d\u00edj), Sonkoly \u00c1kos (Le\u00f6vey-d\u00edj), Nguyen Cong Tai (K\u00f6z\u00f6ss\u00e9gi d\u00edj)<\/p>\n\n\n<div class=\"wp-block-image\">\n<figure class=\"aligncenter size-full\"><img loading=\"lazy\" decoding=\"async\" width=\"1210\" height=\"573\" src=\"https:\/\/alapitvany.leovey.hu\/wp-content\/uploads\/2024\/05\/dijazottak-2024-5.png\" alt=\"\" class=\"wp-image-500\"\/><\/figure>\n<\/div>\n\n\n<p><\/p>\n\n\n\n<p><\/p>\n\n\n\n<p>Alap\u00edtv\u00e1nyunk jutalmazta iskol\u00e1nk di\u00e1k\u00f6nkorm\u00e1nyzat\u00e1nak v\u00e9gz\u0151s tagjait is:<\/p>\n\n\n\n<figure class=\"wp-block-image size-full\"><img loading=\"lazy\" decoding=\"async\" width=\"1210\" height=\"573\" src=\"https:\/\/alapitvany.leovey.hu\/wp-content\/uploads\/2024\/05\/A-diakonkormanyzat-vegzos-tagjai-3.jpg\" alt=\"\" class=\"wp-image-504\"\/><\/figure>\n\n\n\n<p><\/p>\n\n\n\n<p><\/p>\n\n\n\n<p><\/p>\n\n\n\n<p><\/p>\n\n\n\n<p>2023-ban Le\u00f6vey-d\u00edjban \u00e9s K\u00f6z\u00f6ss\u00e9gi d\u00edjban r\u00e9szes\u00fcltek: <br>T\u00f3th B\u00e1lint, Hadari Kitti, Kir\u00e1ly Levente, Kurcz Valentin \u00e9s Temesv\u00e1ry J\u00e1nos<\/p>\n\n\n<div class=\"wp-block-image\">\n<figure class=\"alignleft size-full is-resized\"><img loading=\"lazy\" decoding=\"async\" width=\"1210\" height=\"573\" src=\"https:\/\/alapitvany.leovey.hu\/wp-content\/uploads\/2023\/10\/23-.png\" alt=\"\" class=\"wp-image-323\" style=\"aspect-ratio:2.1116928446771377;width:1292px;height:auto\"\/><\/figure>\n<\/div>\n\n\n<p><\/p>\n\n\n\n<p><\/p>\n\n\n\n<p><\/p>\n\n\n\n<p><\/p>\n\n\n<div class=\"wp-block-image\">\n<figure class=\"alignright size-full is-resized\"><img loading=\"lazy\" decoding=\"async\" width=\"1000\" height=\"1000\" src=\"https:\/\/alapitvany.leovey.hu\/wp-content\/uploads\/2023\/10\/2022.evi-Leovey-dijasok-es-Kozossegi-dijasok.jpg\" alt=\"\" class=\"wp-image-318\" style=\"aspect-ratio:1;width:417px;height:auto\"\/><figcaption class=\"wp-element-caption\"><strong>2022-ben K\u00f6z\u00f6ss\u00e9gi d\u00edjban \u00e9s  Le\u00f6vey-d\u00edjban r\u00e9szes\u00fcltek: <\/strong><br><strong>Tim\u00e1r Norbert, D\u00e1n Vanda, <\/strong><br><strong>Cseszlai Marietta \u00e9s  F\u00fclei Zsombor<\/strong><br>(balr\u00f3l jobbra haladva)<\/figcaption><\/figure>\n<\/div>\n\n\n<p><\/p>\n\n\n\n<p><\/p>\n\n\n\n<p><\/p>\n","protected":false},"excerpt":{"rendered":"<p>2025-ben a ballag\u00e1s keretein bel\u00fcl d\u00edjazott v\u00e9gz\u0151seink balr\u00f3l jobbra: Bartus Luca (Udvardi Erzs\u00e9bet-d\u00edj), Csikv\u00e1ri Petra (K\u00f6z\u00f6ss\u00e9gi d\u00edj&nbsp;), N\u00e9meth Anna S\u00e1ra \u00e9s Kiss Zs\u00f3fia (Kreat\u00edv munk\u00e1t elismer\u0151 d\u00edj), Gyebn\u00e1r \u00c1d\u00e1m (Le\u00f6vey-d\u00edj), Musbeh Szonja Abir (\u00c9vfolyamd\u00edj), Kiss Bogl\u00e1rka Laura (K\u00f6z\u00f6ss\u00e9gi d\u00edj), Pasku &hellip; <a href=\"https:\/\/alapitvany.leovey.hu\/?page_id=81\">Egy kattint\u00e1s ide a folytat\u00e1shoz&#8230;. <span class=\"meta-nav\">&rarr;<\/span><\/a><\/p>\n","protected":false},"author":3,"featured_media":0,"parent":0,"menu_order":0,"comment_status":"closed","ping_status":"closed","template":"","meta":{"footnotes":""},"class_list":["post-81","page","type-page","status-publish","hentry"],"_links":{"self":[{"href":"https:\/\/alapitvany.leovey.hu\/index.php?rest_route=\/wp\/v2\/pages\/81","targetHints":{"allow":["GET"]}}],"collection":[{"href":"https:\/\/alapitvany.leovey.hu\/index.php?rest_route=\/wp\/v2\/pages"}],"about":[{"href":"https:\/\/alapitvany.leovey.hu\/index.php?rest_route=\/wp\/v2\/types\/page"}],"author":[{"embeddable":true,"href":"https:\/\/alapitvany.leovey.hu\/index.php?rest_route=\/wp\/v2\/users\/3"}],"replies":[{"embeddable":true,"href":"https:\/\/alapitvany.leovey.hu\/index.php?rest_route=%2Fwp%2Fv2%2Fcomments&post=81"}],"version-history":[{"count":53,"href":"https:\/\/alapitvany.leovey.hu\/index.php?rest_route=\/wp\/v2\/pages\/81\/revisions"}],"predecessor-version":[{"id":631,"href":"https:\/\/alapitvany.leovey.hu\/index.php?rest_route=\/wp\/v2\/pages\/81\/revisions\/631"}],"wp:attachment":[{"href":"https:\/\/alapitvany.leovey.hu\/index.php?rest_route=%2Fwp%2Fv2%2Fmedia&parent=81"}],"curies":[{"name":"wp","href":"https:\/\/api.w.org\/{rel}","templated":true}]}}