{"id":122,"date":"2023-09-30T08:00:03","date_gmt":"2023-09-30T07:00:03","guid":{"rendered":"https:\/\/alapitvany.leovey.hu\/?page_id=122"},"modified":"2025-12-09T01:40:39","modified_gmt":"2025-12-09T00:40:39","slug":"cimlap","status":"publish","type":"page","link":"https:\/\/alapitvany.leovey.hu\/","title":{"rendered":""},"content":{"rendered":"\n<div class=\"wp-block-group is-vertical is-layout-flex wp-container-core-group-is-layout-8cf370e7 wp-block-group-is-layout-flex\"><\/div>\n\n\n\n<p class=\"has-text-align-center\"><em>Tisztelt Sz\u00fcl\u0151k!<\/em> <\/p>\n\n\n\n<p class=\"has-text-align-center\"><em>H\u00e1l\u00e1san k\u00f6sz\u00f6n\u00fcnk minden t\u00e1mogat\u00e1st. <\/em><\/p>\n\n\n\n<p class=\"has-text-align-center\">2025-ben 3.914.607.-<em> Ft \u00e9rkezett sz\u00e1ml\u00e1nkra a NAV-t\u00f3l a felaj\u00e1nlott 1%-okb\u00f3l.<\/em><\/p>\n\n\n\n<p><\/p>\n\n\n<div class=\"wp-block-image\">\n<figure class=\"alignright size-full is-resized\"><img loading=\"lazy\" decoding=\"async\" width=\"1210\" height=\"573\" src=\"https:\/\/alapitvany.leovey.hu\/wp-content\/uploads\/2023\/10\/Nevtelenminta.png\" alt=\"\" class=\"wp-image-351\" style=\"aspect-ratio:2.1116928446771377;width:374px;height:auto\"\/><\/figure>\n<\/div>\n\n\n<p><\/p>\n\n\n\n<p><\/p>\n\n\n\n<p><\/p>\n\n\n\n<p><\/p>\n\n\n\n<figure class=\"wp-block-image size-full\"><img loading=\"lazy\" decoding=\"async\" width=\"1320\" height=\"196\" src=\"https:\/\/alapitvany.leovey.hu\/wp-content\/uploads\/2024\/09\/szoveg.png\" alt=\"\" class=\"wp-image-548\"\/><\/figure>\n\n\n\n<p><strong>Banksz\u00e1mla sz\u00e1ma:<\/strong>  11709002-20073792    <\/p>\n\n\n\n<p><\/p>\n\n\n\n<p><strong>Ad\u00f3sz\u00e1m:<\/strong> 18037724-1-43 <\/p>\n\n\n\n<p><\/p>\n\n\n<div class=\"wp-block-image\">\n<figure class=\"alignright size-full is-resized\"><img loading=\"lazy\" decoding=\"async\" width=\"1210\" height=\"573\" src=\"https:\/\/alapitvany.leovey.hu\/wp-content\/uploads\/2023\/10\/Nevtelensuli-1.png\" alt=\"\" class=\"wp-image-345\" style=\"width:1450px;height:auto\"\/><\/figure>\n<\/div>","protected":false},"excerpt":{"rendered":"<p>Tisztelt Sz\u00fcl\u0151k! H\u00e1l\u00e1san k\u00f6sz\u00f6n\u00fcnk minden t\u00e1mogat\u00e1st. 2025-ben 3.914.607.- Ft \u00e9rkezett sz\u00e1ml\u00e1nkra a NAV-t\u00f3l a felaj\u00e1nlott 1%-okb\u00f3l. Banksz\u00e1mla sz\u00e1ma: 11709002-20073792 Ad\u00f3sz\u00e1m: 18037724-1-43<\/p>\n","protected":false},"author":3,"featured_media":0,"parent":0,"menu_order":0,"comment_status":"closed","ping_status":"closed","template":"","meta":{"footnotes":""},"class_list":["post-122","page","type-page","status-publish","hentry"],"_links":{"self":[{"href":"https:\/\/alapitvany.leovey.hu\/index.php?rest_route=\/wp\/v2\/pages\/122","targetHints":{"allow":["GET"]}}],"collection":[{"href":"https:\/\/alapitvany.leovey.hu\/index.php?rest_route=\/wp\/v2\/pages"}],"about":[{"href":"https:\/\/alapitvany.leovey.hu\/index.php?rest_route=\/wp\/v2\/types\/page"}],"author":[{"embeddable":true,"href":"https:\/\/alapitvany.leovey.hu\/index.php?rest_route=\/wp\/v2\/users\/3"}],"replies":[{"embeddable":true,"href":"https:\/\/alapitvany.leovey.hu\/index.php?rest_route=%2Fwp%2Fv2%2Fcomments&post=122"}],"version-history":[{"count":74,"href":"https:\/\/alapitvany.leovey.hu\/index.php?rest_route=\/wp\/v2\/pages\/122\/revisions"}],"predecessor-version":[{"id":634,"href":"https:\/\/alapitvany.leovey.hu\/index.php?rest_route=\/wp\/v2\/pages\/122\/revisions\/634"}],"wp:attachment":[{"href":"https:\/\/alapitvany.leovey.hu\/index.php?rest_route=%2Fwp%2Fv2%2Fmedia&parent=122"}],"curies":[{"name":"wp","href":"https:\/\/api.w.org\/{rel}","templated":true}]}}